{"id":996,"date":"2021-03-09T20:02:50","date_gmt":"2021-03-09T20:02:50","guid":{"rendered":"http:\/\/zakra.ovaonlinecol.com\/?post_type=product&#038;p=996"},"modified":"2021-03-11T16:54:36","modified_gmt":"2021-03-11T16:54:36","slug":"prensa-francesa-cafe-verde","status":"publish","type":"product","link":"https:\/\/ovaonline.co\/index.php\/producto\/prensa-francesa-cafe-verde\/","title":{"rendered":"Prensa francesa + Caf\u00e9 verde"},"content":{"rendered":"<h3>Material Prensa francesa:<\/h3>\n<p>El cuerpo de la\u00a0 PRENSA FRANCESA est\u00e1 hecho de vidrio de borosilicato de alta calidad, con alta transparencia, resistencia al desgaste, superficie lisa, f\u00e1cil limpieza, salud e higiene 2. Proceso: tiene una gran adaptabilidad a los cambios de temperatura, la diferencia de temperatura instant\u00e1nea es de-20 \u00b0C-150 \u00b0C, lo que no es f\u00e1cil de romper 3 La higiene: Est\u00e1ndar de calidad alimentaria, puede contener agua caliente a 100 grados de alta temperatura, T\u00e9, Carbonatadas, \u00c1cido frutal y otras bebidas, 4. La PRENSA FRANCESA es adecuada para preparar caf\u00e9, Adecuado para beber t\u00e9, T\u00e9 verde, t\u00e9 negro, T\u00e9 de la flor, Arte Flor de t\u00e9, T\u00e9 de frutas, Etc. Filtro de acero inoxidable de 3 placas. Vaso de cristal transparente y resistente al calor, se puede quitar para una limpieza f\u00e1cil Mango grueso de pasta Cabeza esf\u00e9rica conveniente para ejercer la presi\u00f3n<\/p>\n<h2>Diferencias entre el caf\u00e9 verde y el caf\u00e9 negro<\/h2>\n<p>El caf\u00e9 es una de las bebidas m\u00e1s consumidas, sin embargo, muchas veces pedimos un caf\u00e9 en un bar y no sabemos lo que estamos tomando. El caf\u00e9 verde y el caf\u00e9 negro tienen su origen en los granos de la planta del caf\u00e9, pero ambos pasan por un proceso distinto antes de su comercializaci\u00f3n. en caso del caf\u00e9 negro se tuesta y por eso aporta ese aroma y matices y tiene ese color oscuro.\u00a0<strong>En cambio, el caf\u00e9 verde no pasa por un proceso de tostado<\/strong>. Se envasa directamente antes de su total maduraci\u00f3n. Esa diferencia causa que exista desemejanza en el color, el sabor y la propiedades. Beneficios del caf\u00e9 verde de ambos tipos de caf\u00e9<\/p>\n","protected":false},"excerpt":{"rendered":"<p><span class=\"s1\">Disfruta de un caf\u00e9 preparado en tan solo\u00a0<\/span>5 minutos con esta cafetera de prensa francesa, dise\u00f1ada para extraer los aceites esenciales del grano de caf\u00e9 a trav\u00e9s de la presi\u00f3n con la micro malla, sin utilizar ning\u00fan filtro de papel.<\/p>\n","protected":false},"featured_media":997,"comment_status":"open","ping_status":"closed","template":"","meta":{"zakra_page_container_layout":"customizer","zakra_page_sidebar_layout":"customizer","zakra_remove_content_margin":false,"zakra_sidebar":"customizer","zakra_transparent_header":"customizer","zakra_logo":0,"zakra_main_header_style":"default","zakra_menu_item_color":"","zakra_menu_item_hover_color":"","zakra_menu_item_active_color":"","zakra_menu_active_style":"","zakra_page_header":true,"_joinchat":[]},"product_brand":[],"product_cat":[41,39,25],"product_tag":[],"class_list":{"0":"post-996","1":"product","2":"type-product","3":"status-publish","4":"has-post-thumbnail","6":"product_cat-cuidado-de-la-piel","7":"product_cat-cuidado-personal","8":"product_cat-hogar","10":"first","11":"instock","12":"taxable","13":"shipping-taxable","14":"purchasable","15":"product-type-simple"},"yoast_head":"<!-- This site is optimized with the Yoast SEO plugin v27.2 - https:\/\/yoast.com\/product\/yoast-seo-wordpress\/ -->\n<title>Prensa francesa + Caf\u00e9 verde | \/ Env\u00edo Gratis<\/title>\n<meta name=\"description\" content=\"Disfruta de un caf\u00e9 preparado en tan solo\u00a05 minutos con esta cafetera de PRENSA FRANCESA dise\u00f1ada para extraer los aceites esenciales\" \/>\n<meta name=\"robots\" content=\"index, follow, max-snippet:-1, max-image-preview:large, max-video-preview:-1\" \/>\n<link rel=\"canonical\" href=\"https:\/\/ovaonline.co\/index.php\/producto\/prensa-francesa-cafe-verde\/\" \/>\n<meta property=\"og:locale\" content=\"es_ES\" \/>\n<meta property=\"og:type\" content=\"article\" \/>\n<meta property=\"og:title\" content=\"Prensa francesa + Caf\u00e9 verde | \/ Env\u00edo Gratis\" \/>\n<meta property=\"og:description\" content=\"Disfruta de un caf\u00e9 preparado en tan solo\u00a05 minutos con esta cafetera de PRENSA FRANCESA dise\u00f1ada para extraer los aceites esenciales\" \/>\n<meta property=\"og:url\" content=\"https:\/\/ovaonline.co\/index.php\/producto\/prensa-francesa-cafe-verde\/\" \/>\n<meta property=\"article:publisher\" content=\"https:\/\/www.facebook.com\/ovaonline2022\/\" \/>\n<meta property=\"article:modified_time\" content=\"2021-03-11T16:54:36+00:00\" \/>\n<meta property=\"og:image\" content=\"https:\/\/i0.wp.com\/ovaonline.co\/wp-content\/uploads\/2021\/03\/ffdgh_optimized.jpg?fit=600%2C600&ssl=1\" \/>\n\t<meta property=\"og:image:width\" content=\"600\" \/>\n\t<meta property=\"og:image:height\" content=\"600\" \/>\n\t<meta property=\"og:image:type\" content=\"image\/jpeg\" \/>\n<meta name=\"twitter:card\" content=\"summary_large_image\" \/>\n<meta name=\"twitter:label1\" content=\"Tiempo de lectura\" \/>\n\t<meta name=\"twitter:data1\" content=\"1 minuto\" \/>\n<script type=\"application\/ld+json\" class=\"yoast-schema-graph\">{\"@context\":\"https:\/\/schema.org\",\"@graph\":[{\"@type\":\"WebPage\",\"@id\":\"https:\/\/ovaonline.co\/index.php\/producto\/prensa-francesa-cafe-verde\/\",\"url\":\"https:\/\/ovaonline.co\/index.php\/producto\/prensa-francesa-cafe-verde\/\",\"name\":\"Prensa francesa + Caf\u00e9 verde | \/ Env\u00edo Gratis\",\"isPartOf\":{\"@id\":\"https:\/\/ovaonline.co\/#website\"},\"primaryImageOfPage\":{\"@id\":\"https:\/\/ovaonline.co\/index.php\/producto\/prensa-francesa-cafe-verde\/#primaryimage\"},\"image\":{\"@id\":\"https:\/\/ovaonline.co\/index.php\/producto\/prensa-francesa-cafe-verde\/#primaryimage\"},\"thumbnailUrl\":\"https:\/\/i0.wp.com\/ovaonline.co\/wp-content\/uploads\/2021\/03\/ffdgh_optimized.jpg?fit=600%2C600&ssl=1\",\"datePublished\":\"2021-03-09T20:02:50+00:00\",\"dateModified\":\"2021-03-11T16:54:36+00:00\",\"description\":\"Disfruta de un caf\u00e9 preparado en tan solo\u00a05 minutos con esta cafetera de PRENSA FRANCESA dise\u00f1ada para extraer los aceites esenciales\",\"breadcrumb\":{\"@id\":\"https:\/\/ovaonline.co\/index.php\/producto\/prensa-francesa-cafe-verde\/#breadcrumb\"},\"inLanguage\":\"es-CO\",\"potentialAction\":[{\"@type\":\"ReadAction\",\"target\":[\"https:\/\/ovaonline.co\/index.php\/producto\/prensa-francesa-cafe-verde\/\"]}]},{\"@type\":\"ImageObject\",\"inLanguage\":\"es-CO\",\"@id\":\"https:\/\/ovaonline.co\/index.php\/producto\/prensa-francesa-cafe-verde\/#primaryimage\",\"url\":\"https:\/\/i0.wp.com\/ovaonline.co\/wp-content\/uploads\/2021\/03\/ffdgh_optimized.jpg?fit=600%2C600&ssl=1\",\"contentUrl\":\"https:\/\/i0.wp.com\/ovaonline.co\/wp-content\/uploads\/2021\/03\/ffdgh_optimized.jpg?fit=600%2C600&ssl=1\",\"width\":600,\"height\":600},{\"@type\":\"BreadcrumbList\",\"@id\":\"https:\/\/ovaonline.co\/index.php\/producto\/prensa-francesa-cafe-verde\/#breadcrumb\",\"itemListElement\":[{\"@type\":\"ListItem\",\"position\":1,\"name\":\"Portada\",\"item\":\"https:\/\/ovaonline.co\/\"},{\"@type\":\"ListItem\",\"position\":2,\"name\":\"Shop\",\"item\":\"https:\/\/ovaonline.co\/index.php\/shop\/\"},{\"@type\":\"ListItem\",\"position\":3,\"name\":\"Prensa francesa + Caf\u00e9 verde\"}]},{\"@type\":\"WebSite\",\"@id\":\"https:\/\/ovaonline.co\/#website\",\"url\":\"https:\/\/ovaonline.co\/\",\"name\":\"OVA Online\",\"description\":\"Moda alternativa, cors\u00e9s y arneses premium. Tu estilo definitivo para destacar en raves, festivales y conciertos en Colombia.\",\"publisher\":{\"@id\":\"https:\/\/ovaonline.co\/#organization\"},\"alternateName\":\"OVA Online Colombia\",\"potentialAction\":[{\"@type\":\"SearchAction\",\"target\":{\"@type\":\"EntryPoint\",\"urlTemplate\":\"https:\/\/ovaonline.co\/?s={search_term_string}\"},\"query-input\":{\"@type\":\"PropertyValueSpecification\",\"valueRequired\":true,\"valueName\":\"search_term_string\"}}],\"inLanguage\":\"es-CO\"},{\"@type\":\"Organization\",\"@id\":\"https:\/\/ovaonline.co\/#organization\",\"name\":\"Ova Online\",\"alternateName\":\"OVA Online Colombia\",\"url\":\"https:\/\/ovaonline.co\/\",\"logo\":{\"@type\":\"ImageObject\",\"inLanguage\":\"es-CO\",\"@id\":\"https:\/\/ovaonline.co\/#\/schema\/logo\/image\/\",\"url\":\"https:\/\/ovaonline.co\/wp-content\/uploads\/2026\/03\/logo-ova.png\",\"contentUrl\":\"https:\/\/ovaonline.co\/wp-content\/uploads\/2026\/03\/logo-ova.png\",\"width\":225,\"height\":225,\"caption\":\"Ova Online\"},\"image\":{\"@id\":\"https:\/\/ovaonline.co\/#\/schema\/logo\/image\/\"},\"sameAs\":[\"https:\/\/www.facebook.com\/ovaonline2022\/\",\"https:\/\/www.instagram.com\/ovaonlinecol\/\"]}]}<\/script>\n<!-- \/ Yoast SEO plugin. -->","yoast_head_json":{"title":"Prensa francesa + Caf\u00e9 verde | \/ Env\u00edo Gratis","description":"Disfruta de un caf\u00e9 preparado en tan solo\u00a05 minutos con esta cafetera de PRENSA FRANCESA dise\u00f1ada para extraer los aceites esenciales","robots":{"index":"index","follow":"follow","max-snippet":"max-snippet:-1","max-image-preview":"max-image-preview:large","max-video-preview":"max-video-preview:-1"},"canonical":"https:\/\/ovaonline.co\/index.php\/producto\/prensa-francesa-cafe-verde\/","og_locale":"es_ES","og_type":"article","og_title":"Prensa francesa + Caf\u00e9 verde | \/ Env\u00edo Gratis","og_description":"Disfruta de un caf\u00e9 preparado en tan solo\u00a05 minutos con esta cafetera de PRENSA FRANCESA dise\u00f1ada para extraer los aceites esenciales","og_url":"https:\/\/ovaonline.co\/index.php\/producto\/prensa-francesa-cafe-verde\/","article_publisher":"https:\/\/www.facebook.com\/ovaonline2022\/","article_modified_time":"2021-03-11T16:54:36+00:00","og_image":[{"width":600,"height":600,"url":"https:\/\/i0.wp.com\/ovaonline.co\/wp-content\/uploads\/2021\/03\/ffdgh_optimized.jpg?fit=600%2C600&ssl=1","type":"image\/jpeg"}],"twitter_card":"summary_large_image","twitter_misc":{"Tiempo de lectura":"1 minuto"},"schema":{"@context":"https:\/\/schema.org","@graph":[{"@type":"WebPage","@id":"https:\/\/ovaonline.co\/index.php\/producto\/prensa-francesa-cafe-verde\/","url":"https:\/\/ovaonline.co\/index.php\/producto\/prensa-francesa-cafe-verde\/","name":"Prensa francesa + Caf\u00e9 verde | \/ Env\u00edo Gratis","isPartOf":{"@id":"https:\/\/ovaonline.co\/#website"},"primaryImageOfPage":{"@id":"https:\/\/ovaonline.co\/index.php\/producto\/prensa-francesa-cafe-verde\/#primaryimage"},"image":{"@id":"https:\/\/ovaonline.co\/index.php\/producto\/prensa-francesa-cafe-verde\/#primaryimage"},"thumbnailUrl":"https:\/\/i0.wp.com\/ovaonline.co\/wp-content\/uploads\/2021\/03\/ffdgh_optimized.jpg?fit=600%2C600&ssl=1","datePublished":"2021-03-09T20:02:50+00:00","dateModified":"2021-03-11T16:54:36+00:00","description":"Disfruta de un caf\u00e9 preparado en tan solo\u00a05 minutos con esta cafetera de PRENSA FRANCESA dise\u00f1ada para extraer los aceites esenciales","breadcrumb":{"@id":"https:\/\/ovaonline.co\/index.php\/producto\/prensa-francesa-cafe-verde\/#breadcrumb"},"inLanguage":"es-CO","potentialAction":[{"@type":"ReadAction","target":["https:\/\/ovaonline.co\/index.php\/producto\/prensa-francesa-cafe-verde\/"]}]},{"@type":"ImageObject","inLanguage":"es-CO","@id":"https:\/\/ovaonline.co\/index.php\/producto\/prensa-francesa-cafe-verde\/#primaryimage","url":"https:\/\/i0.wp.com\/ovaonline.co\/wp-content\/uploads\/2021\/03\/ffdgh_optimized.jpg?fit=600%2C600&ssl=1","contentUrl":"https:\/\/i0.wp.com\/ovaonline.co\/wp-content\/uploads\/2021\/03\/ffdgh_optimized.jpg?fit=600%2C600&ssl=1","width":600,"height":600},{"@type":"BreadcrumbList","@id":"https:\/\/ovaonline.co\/index.php\/producto\/prensa-francesa-cafe-verde\/#breadcrumb","itemListElement":[{"@type":"ListItem","position":1,"name":"Portada","item":"https:\/\/ovaonline.co\/"},{"@type":"ListItem","position":2,"name":"Shop","item":"https:\/\/ovaonline.co\/index.php\/shop\/"},{"@type":"ListItem","position":3,"name":"Prensa francesa + Caf\u00e9 verde"}]},{"@type":"WebSite","@id":"https:\/\/ovaonline.co\/#website","url":"https:\/\/ovaonline.co\/","name":"OVA Online","description":"Moda alternativa, cors\u00e9s y arneses premium. Tu estilo definitivo para destacar en raves, festivales y conciertos en Colombia.","publisher":{"@id":"https:\/\/ovaonline.co\/#organization"},"alternateName":"OVA Online Colombia","potentialAction":[{"@type":"SearchAction","target":{"@type":"EntryPoint","urlTemplate":"https:\/\/ovaonline.co\/?s={search_term_string}"},"query-input":{"@type":"PropertyValueSpecification","valueRequired":true,"valueName":"search_term_string"}}],"inLanguage":"es-CO"},{"@type":"Organization","@id":"https:\/\/ovaonline.co\/#organization","name":"Ova Online","alternateName":"OVA Online Colombia","url":"https:\/\/ovaonline.co\/","logo":{"@type":"ImageObject","inLanguage":"es-CO","@id":"https:\/\/ovaonline.co\/#\/schema\/logo\/image\/","url":"https:\/\/ovaonline.co\/wp-content\/uploads\/2026\/03\/logo-ova.png","contentUrl":"https:\/\/ovaonline.co\/wp-content\/uploads\/2026\/03\/logo-ova.png","width":225,"height":225,"caption":"Ova Online"},"image":{"@id":"https:\/\/ovaonline.co\/#\/schema\/logo\/image\/"},"sameAs":["https:\/\/www.facebook.com\/ovaonline2022\/","https:\/\/www.instagram.com\/ovaonlinecol\/"]}]}},"jetpack_sharing_enabled":true,"_links":{"self":[{"href":"https:\/\/ovaonline.co\/index.php\/wp-json\/wp\/v2\/product\/996","targetHints":{"allow":["GET"]}}],"collection":[{"href":"https:\/\/ovaonline.co\/index.php\/wp-json\/wp\/v2\/product"}],"about":[{"href":"https:\/\/ovaonline.co\/index.php\/wp-json\/wp\/v2\/types\/product"}],"replies":[{"embeddable":true,"href":"https:\/\/ovaonline.co\/index.php\/wp-json\/wp\/v2\/comments?post=996"}],"wp:featuredmedia":[{"embeddable":true,"href":"https:\/\/ovaonline.co\/index.php\/wp-json\/wp\/v2\/media\/997"}],"wp:attachment":[{"href":"https:\/\/ovaonline.co\/index.php\/wp-json\/wp\/v2\/media?parent=996"}],"wp:term":[{"taxonomy":"product_brand","embeddable":true,"href":"https:\/\/ovaonline.co\/index.php\/wp-json\/wp\/v2\/product_brand?post=996"},{"taxonomy":"product_cat","embeddable":true,"href":"https:\/\/ovaonline.co\/index.php\/wp-json\/wp\/v2\/product_cat?post=996"},{"taxonomy":"product_tag","embeddable":true,"href":"https:\/\/ovaonline.co\/index.php\/wp-json\/wp\/v2\/product_tag?post=996"}],"curies":[{"name":"wp","href":"https:\/\/api.w.org\/{rel}","templated":true}]}}